{"id":330,"date":"2025-04-28T18:24:34","date_gmt":"2025-04-28T16:24:34","guid":{"rendered":"http:\/\/bestrehab.hu\/?page_id=330"},"modified":"2025-04-28T22:08:54","modified_gmt":"2025-04-28T20:08:54","slug":"kezelokozpontok","status":"publish","type":"page","link":"http:\/\/bestrehab.hu\/?page_id=330","title":{"rendered":"Kezel\u0151k\u00f6zpontok"},"content":{"rendered":"\t\t<div data-elementor-type=\"wp-page\" data-elementor-id=\"330\" class=\"elementor elementor-330\" data-elementor-post-type=\"page\">\n\t\t\t\t<div class=\"elementor-element elementor-element-2d60f24 e-flex e-con-boxed e-con e-parent\" data-id=\"2d60f24\" data-element_type=\"container\">\n\t\t\t\t\t<div class=\"e-con-inner\">\n\t\t<div class=\"elementor-element elementor-element-a55f3f3 e-con-full e-flex e-con e-child\" data-id=\"a55f3f3\" data-element_type=\"container\">\n\t\t\t\t<div class=\"elementor-element elementor-element-f42c9a4 elementor-widget__width-initial elementor-widget elementor-widget-heading\" data-id=\"f42c9a4\" data-element_type=\"widget\" data-widget_type=\"heading.default\">\n\t\t\t\t<div class=\"elementor-widget-container\">\n\t\t\t\t\t<h1 class=\"elementor-heading-title elementor-size-default\">B-E-St\nKezel\u0151k\u00f6zpontok<\/h1>\t\t\t\t<\/div>\n\t\t\t\t<\/div>\n\t\t\t\t<div class=\"elementor-element elementor-element-31aebd2 elementor-icon-list--layout-inline elementor-list-item-link-full_width elementor-widget elementor-widget-icon-list\" data-id=\"31aebd2\" data-element_type=\"widget\" data-widget_type=\"icon-list.default\">\n\t\t\t\t<div class=\"elementor-widget-container\">\n\t\t\t\t\t\t\t<ul class=\"elementor-icon-list-items elementor-inline-items\">\n\t\t\t\t\t\t\t<li class=\"elementor-icon-list-item elementor-inline-item\">\n\t\t\t\t\t\t\t\t\t\t\t<span class=\"elementor-icon-list-icon\">\n\t\t\t\t\t\t\t<svg aria-hidden=\"true\" class=\"e-font-icon-svg e-fas-phone-square-alt\" viewBox=\"0 0 448 512\" xmlns=\"http:\/\/www.w3.org\/2000\/svg\"><path d=\"M400 32H48A48 48 0 0 0 0 80v352a48 48 0 0 0 48 48h352a48 48 0 0 0 48-48V80a48 48 0 0 0-48-48zm-16.39 307.37l-15 65A15 15 0 0 1 354 416C194 416 64 286.29 64 126a15.7 15.7 0 0 1 11.63-14.61l65-15A18.23 18.23 0 0 1 144 96a16.27 16.27 0 0 1 13.79 9.09l30 70A17.9 17.9 0 0 1 189 181a17 17 0 0 1-5.5 11.61l-37.89 31a231.91 231.91 0 0 0 110.78 110.78l31-37.89A17 17 0 0 1 299 291a17.85 17.85 0 0 1 5.91 1.21l70 30A16.25 16.25 0 0 1 384 336a17.41 17.41 0 0 1-.39 3.37z\"><\/path><\/svg>\t\t\t\t\t\t<\/span>\n\t\t\t\t\t\t\t\t\t\t<span class=\"elementor-icon-list-text\">+36 72 123 456<\/span>\n\t\t\t\t\t\t\t\t\t<\/li>\n\t\t\t\t\t\t\t\t<li class=\"elementor-icon-list-item elementor-inline-item\">\n\t\t\t\t\t\t\t\t\t\t\t<span class=\"elementor-icon-list-icon\">\n\t\t\t\t\t\t\t<svg aria-hidden=\"true\" class=\"e-font-icon-svg e-fas-envelope\" viewBox=\"0 0 512 512\" xmlns=\"http:\/\/www.w3.org\/2000\/svg\"><path d=\"M502.3 190.8c3.9-3.1 9.7-.2 9.7 4.7V400c0 26.5-21.5 48-48 48H48c-26.5 0-48-21.5-48-48V195.6c0-5 5.7-7.8 9.7-4.7 22.4 17.4 52.1 39.5 154.1 113.6 21.1 15.4 56.7 47.8 92.2 47.6 35.7.3 72-32.8 92.3-47.6 102-74.1 131.6-96.3 154-113.7zM256 320c23.2.4 56.6-29.2 73.4-41.4 132.7-96.3 142.8-104.7 173.4-128.7 5.8-4.5 9.2-11.5 9.2-18.9v-19c0-26.5-21.5-48-48-48H48C21.5 64 0 85.5 0 112v19c0 7.4 3.4 14.3 9.2 18.9 30.6 23.9 40.7 32.4 173.4 128.7 16.8 12.2 50.2 41.8 73.4 41.4z\"><\/path><\/svg>\t\t\t\t\t\t<\/span>\n\t\t\t\t\t\t\t\t\t\t<span class=\"elementor-icon-list-text\">hello@b-e-st.hu<\/span>\n\t\t\t\t\t\t\t\t\t<\/li>\n\t\t\t\t\t\t<\/ul>\n\t\t\t\t\t\t<\/div>\n\t\t\t\t<\/div>\n\t\t<div class=\"elementor-element elementor-element-8b5ae1b e-con-full e-flex e-con e-child\" data-id=\"8b5ae1b\" data-element_type=\"container\" data-settings=\"{&quot;background_background&quot;:&quot;classic&quot;}\">\n\t\t\t\t<div class=\"elementor-element elementor-element-8f99b6c elementor-widget__width-initial elementor-widget elementor-widget-heading\" data-id=\"8f99b6c\" data-element_type=\"widget\" data-widget_type=\"heading.default\">\n\t\t\t\t<div class=\"elementor-widget-container\">\n\t\t\t\t\t<h2 class=\"elementor-heading-title elementor-size-default\">Keresd meg hozz\u00e1d legk\u00f6zelebb tal\u00e1lhat\u00f3 k\u00f6zpontot!<\/h2>\t\t\t\t<\/div>\n\t\t\t\t<\/div>\n\t\t\t\t<div class=\"elementor-element elementor-element-ea7f216 elementor-widget elementor-widget-hotspot\" data-id=\"ea7f216\" data-element_type=\"widget\" data-settings=\"{&quot;hotspot&quot;:[{&quot;_id&quot;:&quot;121bb3f&quot;,&quot;hotspot_label&quot;:&quot;&quot;,&quot;hotspot_link&quot;:{&quot;url&quot;:&quot;&quot;,&quot;is_external&quot;:&quot;&quot;,&quot;nofollow&quot;:&quot;&quot;,&quot;custom_attributes&quot;:&quot;&quot;},&quot;hotspot_icon&quot;:{&quot;value&quot;:&quot;&quot;,&quot;library&quot;:&quot;&quot;},&quot;hotspot_custom_size&quot;:&quot;no&quot;,&quot;hotspot_tooltip_content&quot;:&quot;Add Your Tooltip Text Here&quot;,&quot;hotspot_horizontal&quot;:&quot;left&quot;,&quot;hotspot_vertical&quot;:&quot;top&quot;,&quot;hotspot_tooltip_position&quot;:&quot;no&quot;,&quot;hotspot_position&quot;:null}],&quot;hotspot_sequenced_animation&quot;:&quot;no&quot;,&quot;tooltip_position&quot;:&quot;top&quot;,&quot;tooltip_trigger&quot;:&quot;click&quot;,&quot;tooltip_animation&quot;:&quot;e-hotspot--fade-in-out&quot;}\" data-widget_type=\"hotspot.default\">\n\t\t\t\t<div class=\"elementor-widget-container\">\n\t\t\t\t\t<img fetchpriority=\"high\" decoding=\"async\" width=\"800\" height=\"493\" src=\"http:\/\/bestrehab.hu\/wp-content\/uploads\/2025\/04\/kezelesek-budapest-best-1024x631.webp\" class=\"attachment-large size-large wp-image-687\" alt=\"\" srcset=\"http:\/\/bestrehab.hu\/wp-content\/uploads\/2025\/04\/kezelesek-budapest-best-1024x631.webp 1024w, http:\/\/bestrehab.hu\/wp-content\/uploads\/2025\/04\/kezelesek-budapest-best-300x185.webp 300w, http:\/\/bestrehab.hu\/wp-content\/uploads\/2025\/04\/kezelesek-budapest-best-768x473.webp 768w, http:\/\/bestrehab.hu\/wp-content\/uploads\/2025\/04\/kezelesek-budapest-best.webp 1416w\" sizes=\"(max-width: 800px) 100vw, 800px\" \/>\n\t\t\t\t\t\t<div class=\"e-hotspot elementor-repeater-item-121bb3f      e-hotspot--circle\">\n\n\t\t\t\t\t\t\t\t<div class=\"e-hotspot__button e-hotspot--expand\">\n\t\t\t\t\t\t\t\t\t\t\t<div class=\"e-hotspot__outer-circle\"><\/div>\n\t\t\t\t\t\t<div class=\"e-hotspot__inner-circle\"><\/div>\n\t\t\t\t\t\t\t\t\t<\/div>\n\n\t\t\t\t\t\t\t\t\t\t\t\t\t\t\t\t\t\t<div class=\"e-hotspot__tooltip  e-hotspot--tooltip-position e-hotspot--fade-in-out \" >\n\t\t\t\t\t\tAdd Your Tooltip Text Here\t\t\t\t\t<\/div>\n\t\t\t\t\t\t\t\t\t\n\t\t\t<\/div>\n\n\t\n\t\t\t\t\t\t<\/div>\n\t\t\t\t<\/div>\n\t\t\t\t<\/div>\n\t\t\t\t<\/div>\n\t\t<div class=\"elementor-element elementor-element-d607729 e-con-full e-flex e-con e-child\" data-id=\"d607729\" data-element_type=\"container\">\n\t\t\t\t<div class=\"elementor-element elementor-element-da5a8c8 elementor-widget elementor-widget-image\" data-id=\"da5a8c8\" data-element_type=\"widget\" data-widget_type=\"image.default\">\n\t\t\t\t<div class=\"elementor-widget-container\">\n\t\t\t\t\t\t\t\t\t\t\t\t\t\t\t<img decoding=\"async\" width=\"800\" height=\"643\" src=\"http:\/\/bestrehab.hu\/wp-content\/uploads\/2025\/04\/hero-hatter-best-budapest-kezelesek-1024x823.webp\" class=\"attachment-large size-large wp-image-338\" alt=\"\" srcset=\"http:\/\/bestrehab.hu\/wp-content\/uploads\/2025\/04\/hero-hatter-best-budapest-kezelesek-1024x823.webp 1024w, http:\/\/bestrehab.hu\/wp-content\/uploads\/2025\/04\/hero-hatter-best-budapest-kezelesek-300x241.webp 300w, http:\/\/bestrehab.hu\/wp-content\/uploads\/2025\/04\/hero-hatter-best-budapest-kezelesek-768x617.webp 768w, http:\/\/bestrehab.hu\/wp-content\/uploads\/2025\/04\/hero-hatter-best-budapest-kezelesek.webp 1452w\" sizes=\"(max-width: 800px) 100vw, 800px\" \/>\t\t\t\t\t\t\t\t\t\t\t\t\t\t\t<\/div>\n\t\t\t\t<\/div>\n\t\t\t\t<div class=\"elementor-element elementor-element-782f660 elementor-widget elementor-widget-heading\" data-id=\"782f660\" data-element_type=\"widget\" data-widget_type=\"heading.default\">\n\t\t\t\t<div class=\"elementor-widget-container\">\n\t\t\t\t\t<h1 class=\"elementor-heading-title elementor-size-default\">Itt mindig j\u00f3 kezekben leszel!<\/h1>\t\t\t\t<\/div>\n\t\t\t\t<\/div>\n\t\t\t\t<div class=\"elementor-element elementor-element-e26812b elementor-widget__width-inherit elementor-widget elementor-widget-text-editor\" data-id=\"e26812b\" data-element_type=\"widget\" data-widget_type=\"text-editor.default\">\n\t\t\t\t<div class=\"elementor-widget-container\">\n\t\t\t\t\t\t\t\t\t<p>From effective pain relief to faster recovery, this holistic solution delivers exceptional results and lasting benefits for your patients.<\/p>\t\t\t\t\t\t\t\t<\/div>\n\t\t\t\t<\/div>\n\t\t\t\t<\/div>\n\t\t\t\t\t<\/div>\n\t\t\t\t<\/div>\n\t\t<div class=\"elementor-element elementor-element-89fa9d6 e-flex e-con-boxed e-con e-parent\" data-id=\"89fa9d6\" data-element_type=\"container\">\n\t\t\t\t\t<div class=\"e-con-inner\">\n\t\t<div class=\"elementor-element elementor-element-4f02579 e-con-full e-flex e-con e-child\" data-id=\"4f02579\" data-element_type=\"container\" data-settings=\"{&quot;background_background&quot;:&quot;classic&quot;}\">\n\t\t\t\t<div class=\"elementor-element elementor-element-f19c029 elementor-widget__width-initial elementor-view-default elementor-position-top elementor-mobile-position-top elementor-widget elementor-widget-icon-box\" data-id=\"f19c029\" data-element_type=\"widget\" data-widget_type=\"icon-box.default\">\n\t\t\t\t<div class=\"elementor-widget-container\">\n\t\t\t\t\t\t\t<div class=\"elementor-icon-box-wrapper\">\n\n\t\t\t\t\t\t<div class=\"elementor-icon-box-icon\">\n\t\t\t\t<span  class=\"elementor-icon\">\n\t\t\t\t<svg xmlns=\"http:\/\/www.w3.org\/2000\/svg\" width=\"1155\" height=\"1002\" viewBox=\"0 0 1155 1002\" fill=\"none\"><path d=\"M1155 501L859.5 1002H284.5L0 501L284.5 0H859.5L1155 501ZM497.5 311V390.5H547V676H636V311H497.5Z\" fill=\"#008A93\"><\/path><\/svg>\t\t\t\t<\/span>\n\t\t\t<\/div>\n\t\t\t\n\t\t\t\t\t\t<div class=\"elementor-icon-box-content\">\n\n\t\t\t\t\t\t\t\t\t<h3 class=\"elementor-icon-box-title\">\n\t\t\t\t\t\t<span  >\n\t\t\t\t\t\t\tA wide range of treatments\t\t\t\t\t\t<\/span>\n\t\t\t\t\t<\/h3>\n\t\t\t\t\n\t\t\t\t\t\t\t\t\t<p class=\"elementor-icon-box-description\">\n\t\t\t\t\t\tChoose from 140 pre-programmed therapies\n\n\t\t\t\t\t<\/p>\n\t\t\t\t\n\t\t\t<\/div>\n\t\t\t\n\t\t<\/div>\n\t\t\t\t\t\t<\/div>\n\t\t\t\t<\/div>\n\t\t\t\t<div class=\"elementor-element elementor-element-7634eb7 elementor-widget__width-initial elementor-view-default elementor-position-top elementor-mobile-position-top elementor-widget elementor-widget-icon-box\" data-id=\"7634eb7\" data-element_type=\"widget\" data-widget_type=\"icon-box.default\">\n\t\t\t\t<div class=\"elementor-widget-container\">\n\t\t\t\t\t\t\t<div class=\"elementor-icon-box-wrapper\">\n\n\t\t\t\t\t\t<div class=\"elementor-icon-box-icon\">\n\t\t\t\t<span  class=\"elementor-icon\">\n\t\t\t\t<svg xmlns=\"http:\/\/www.w3.org\/2000\/svg\" width=\"1155\" height=\"1002\" viewBox=\"0 0 1155 1002\" fill=\"none\"><path d=\"M1155 501L859.5 1002H284.5L0 501L284.5 0H859.5L1155 501ZM580 303C557 303 536 307.5 517 316.5C498.333 325.5 483.167 339.5 471.5 358.5C460.167 377.5 454.167 401.167 453.5 429.5H536C536 412.167 539.5 398.833 546.5 389.5C553.833 379.833 563.833 375 576.5 375C589.167 375 598.667 378.833 605 386.5C611.333 394.167 614.5 404.833 614.5 418.5C614.5 436.5 608 455 595 474C582 493 566 511.167 547 528.5C528.333 545.833 502.667 568 470 595C471 594.333 465.833 598.5 454.5 607.5V671H705.5V601.5H570.5C608.167 572.5 639.167 542.833 663.5 512.5C687.833 481.833 700 448.667 700 413C700 380.333 689.833 353.833 669.5 333.5C649.5 313.167 619.667 303 580 303Z\" fill=\"#008A93\"><\/path><\/svg>\t\t\t\t<\/span>\n\t\t\t<\/div>\n\t\t\t\n\t\t\t\t\t\t<div class=\"elementor-icon-box-content\">\n\n\t\t\t\t\t\t\t\t\t<h3 class=\"elementor-icon-box-title\">\n\t\t\t\t\t\t<span  >\n\t\t\t\t\t\t\tFour channels for simultaneous use\t\t\t\t\t\t<\/span>\n\t\t\t\t\t<\/h3>\n\t\t\t\t\n\t\t\t\t\t\t\t\t\t<p class=\"elementor-icon-box-description\">\n\t\t\t\t\t\tWide frequency range from 0.2 to 9999.9 Hz\n\n\t\t\t\t\t<\/p>\n\t\t\t\t\n\t\t\t<\/div>\n\t\t\t\n\t\t<\/div>\n\t\t\t\t\t\t<\/div>\n\t\t\t\t<\/div>\n\t\t\t\t<div class=\"elementor-element elementor-element-cc02960 elementor-widget__width-initial elementor-view-default elementor-position-top elementor-mobile-position-top elementor-widget elementor-widget-icon-box\" data-id=\"cc02960\" data-element_type=\"widget\" data-widget_type=\"icon-box.default\">\n\t\t\t\t<div class=\"elementor-widget-container\">\n\t\t\t\t\t\t\t<div class=\"elementor-icon-box-wrapper\">\n\n\t\t\t\t\t\t<div class=\"elementor-icon-box-icon\">\n\t\t\t\t<span  class=\"elementor-icon\">\n\t\t\t\t<svg xmlns=\"http:\/\/www.w3.org\/2000\/svg\" width=\"1155\" height=\"1002\" viewBox=\"0 0 1155 1002\" fill=\"none\"><path d=\"M1155 501L859.5 1002H284.5L0 501L284.5 0H859.5L1155 501ZM576 302.5C538.333 302.5 508.5 312.167 486.5 331.5C464.5 350.833 452.833 378.333 451.5 414H535C536 402.667 539.5 393.167 545.5 385.5C551.833 377.833 561.333 374 574 374C585.667 374 594.833 377.333 601.5 384C608.167 390.667 611.5 400 611.5 412C611.5 427 606.167 437.5 595.5 443.5C585.167 449.167 571.5 452 554.5 452H538.5V521.5H554.5C576.833 521.5 593 525.167 603 532.5C613.333 539.5 618.5 551 618.5 567C618.5 579.333 614.833 589.333 607.5 597C600.5 604.333 590.5 608 577.5 608C562.167 608 550.5 603.833 542.5 595.5C534.5 586.833 530.333 575.167 530 560.5H447C448.333 600.167 460.833 629.833 484.5 649.5C508.5 669.167 540.5 679 580.5 679C605.5 679 627 674.5 645 665.5C663.333 656.5 677.167 644.167 686.5 628.5C696.167 612.5 701 594.167 701 573.5C701 550.5 695.5 531.667 684.5 517C673.5 502.333 658.5 491.833 639.5 485.5V483.5C654.167 478.5 667 469.167 678 455.5C689 441.5 694.5 423.5 694.5 401.5C694.5 382.833 689.833 366 680.5 351C671.5 336 658 324.167 640 315.5C622.333 306.833 601 302.5 576 302.5Z\" fill=\"#008A93\"><\/path><\/svg>\t\t\t\t<\/span>\n\t\t\t<\/div>\n\t\t\t\n\t\t\t\t\t\t<div class=\"elementor-icon-box-content\">\n\n\t\t\t\t\t\t\t\t\t<h3 class=\"elementor-icon-box-title\">\n\t\t\t\t\t\t<span  >\n\t\t\t\t\t\t\tAutomatic polarization and biofeedback\t\t\t\t\t\t<\/span>\n\t\t\t\t\t<\/h3>\n\t\t\t\t\n\t\t\t\t\t\t\t\t\t<p class=\"elementor-icon-box-description\">\n\t\t\t\t\t\tColor display with energy level insights and other valuable feedback\n\n\t\t\t\t\t<\/p>\n\t\t\t\t\n\t\t\t<\/div>\n\t\t\t\n\t\t<\/div>\n\t\t\t\t\t\t<\/div>\n\t\t\t\t<\/div>\n\t\t\t\t<\/div>\n\t\t<div class=\"elementor-element elementor-element-5e246be e-con-full e-flex e-con e-child\" data-id=\"5e246be\" data-element_type=\"container\" data-settings=\"{&quot;background_background&quot;:&quot;classic&quot;}\">\n\t\t\t\t<div class=\"elementor-element elementor-element-334c56a elementor-widget__width-inherit elementor-widget-tablet__width-auto elementor-widget elementor-widget-heading\" data-id=\"334c56a\" data-element_type=\"widget\" data-widget_type=\"heading.default\">\n\t\t\t\t<div class=\"elementor-widget-container\">\n\t\t\t\t\t<h2 class=\"elementor-heading-title elementor-size-default\">Start your B-E-St journey today!<\/h2>\t\t\t\t<\/div>\n\t\t\t\t<\/div>\n\t\t\t\t<div class=\"elementor-element elementor-element-dda01fe elementor-widget elementor-widget-button\" data-id=\"dda01fe\" data-element_type=\"widget\" data-widget_type=\"button.default\">\n\t\t\t\t<div class=\"elementor-widget-container\">\n\t\t\t\t\t\t\t\t\t<div class=\"elementor-button-wrapper\">\n\t\t\t\t\t<a class=\"elementor-button elementor-button-link elementor-size-sm\" href=\"#elementor-action%3Aaction%3Dpopup%3Aopen%26settings%3DeyJpZCI6IjcwMCIsInRvZ2dsZSI6ZmFsc2V9\">\n\t\t\t\t\t\t<span class=\"elementor-button-content-wrapper\">\n\t\t\t\t\t\t<span class=\"elementor-button-icon\">\n\t\t\t\t<svg aria-hidden=\"true\" class=\"e-font-icon-svg e-fas-chevron-right\" viewBox=\"0 0 320 512\" xmlns=\"http:\/\/www.w3.org\/2000\/svg\"><path d=\"M285.476 272.971L91.132 467.314c-9.373 9.373-24.569 9.373-33.941 0l-22.667-22.667c-9.357-9.357-9.375-24.522-.04-33.901L188.505 256 34.484 101.255c-9.335-9.379-9.317-24.544.04-33.901l22.667-22.667c9.373-9.373 24.569-9.373 33.941 0L285.475 239.03c9.373 9.372 9.373 24.568.001 33.941z\"><\/path><\/svg>\t\t\t<\/span>\n\t\t\t\t\t\t\t\t\t<span class=\"elementor-button-text\">Aj\u00e1nlatk\u00e9r\u00e9s<\/span>\n\t\t\t\t\t<\/span>\n\t\t\t\t\t<\/a>\n\t\t\t\t<\/div>\n\t\t\t\t\t\t\t\t<\/div>\n\t\t\t\t<\/div>\n\t\t\t\t<\/div>\n\t\t\t\t\t<\/div>\n\t\t\t\t<\/div>\n\t\t\t\t<\/div>\n\t\t","protected":false},"excerpt":{"rendered":"<p>B-E-St Kezel\u0151k\u00f6zpontok +36 72 123 456 hello@b-e-st.hu Keresd meg hozz\u00e1d legk\u00f6zelebb tal\u00e1lhat\u00f3 k\u00f6zpontot! Add Your Tooltip Text Here Itt mindig j\u00f3 kezekben leszel! From effective pain relief to faster recovery, this holistic solution delivers exceptional results and lasting benefits for your patients. A wide range of treatments Choose from 140 pre-programmed therapies Four channels for [&hellip;]<\/p>\n","protected":false},"author":1,"featured_media":0,"parent":0,"menu_order":0,"comment_status":"closed","ping_status":"closed","template":"","meta":{"footnotes":""},"class_list":["post-330","page","type-page","status-publish","hentry"],"_links":{"self":[{"href":"http:\/\/bestrehab.hu\/index.php?rest_route=\/wp\/v2\/pages\/330","targetHints":{"allow":["GET"]}}],"collection":[{"href":"http:\/\/bestrehab.hu\/index.php?rest_route=\/wp\/v2\/pages"}],"about":[{"href":"http:\/\/bestrehab.hu\/index.php?rest_route=\/wp\/v2\/types\/page"}],"author":[{"embeddable":true,"href":"http:\/\/bestrehab.hu\/index.php?rest_route=\/wp\/v2\/users\/1"}],"replies":[{"embeddable":true,"href":"http:\/\/bestrehab.hu\/index.php?rest_route=%2Fwp%2Fv2%2Fcomments&post=330"}],"version-history":[{"count":73,"href":"http:\/\/bestrehab.hu\/index.php?rest_route=\/wp\/v2\/pages\/330\/revisions"}],"predecessor-version":[{"id":811,"href":"http:\/\/bestrehab.hu\/index.php?rest_route=\/wp\/v2\/pages\/330\/revisions\/811"}],"wp:attachment":[{"href":"http:\/\/bestrehab.hu\/index.php?rest_route=%2Fwp%2Fv2%2Fmedia&parent=330"}],"curies":[{"name":"wp","href":"https:\/\/api.w.org\/{rel}","templated":true}]}}